{"id":6737,"date":"2019-11-17T17:09:56","date_gmt":"2019-11-17T16:09:56","guid":{"rendered":"https:\/\/flamenco-seville.com\/spectacle-flamenco-seville\/"},"modified":"2026-03-25T19:55:22","modified_gmt":"2026-03-25T18:55:22","slug":"espetaculo-de-flamenco-em-sevilha","status":"publish","type":"page","link":"https:\/\/flamenco-seville.com\/pt-pt\/","title":{"rendered":"Espet\u00e1culo de Flamenco em Sevilha"},"content":{"rendered":"","protected":false},"excerpt":{"rendered":"","protected":false},"author":3,"featured_media":6577,"parent":0,"menu_order":0,"comment_status":"closed","ping_status":"closed","template":"templates\/template-home.php","meta":{"_acf_changed":false,"footnotes":""},"class_list":["post-6737","page","type-page","status-publish","has-post-thumbnail","hentry"],"acf":[],"yoast_head":"<!-- This site is optimized with the Yoast SEO plugin v27.5 - https:\/\/yoast.com\/product\/yoast-seo-wordpress\/ -->\n<title>Espet\u00e1culo de Flamenco em Sevilha | Bilhete Espet\u00e1culo + Bebida<\/title>\n<meta name=\"description\" content=\"Reserve o seu bilhete para o espet\u00e1culo de Flamenco em Sevilha num tablao tradicional. Viva a paix\u00e3o da dan\u00e7a e da m\u00fasica andaluza.\" \/>\n<meta name=\"robots\" content=\"index, follow, max-snippet:-1, max-image-preview:large, max-video-preview:-1\" \/>\n<link rel=\"canonical\" href=\"https:\/\/flamenco-seville.com\/pt-pt\/espetaculo-de-flamenco-em-sevilha\/\" \/>\n<meta property=\"og:locale\" content=\"pt_PT\" \/>\n<meta property=\"og:type\" content=\"article\" \/>\n<meta property=\"og:title\" content=\"Espet\u00e1culo de Flamenco em Sevilha | Bilhete Espet\u00e1culo + Bebida\" \/>\n<meta property=\"og:description\" content=\"Reserve o seu bilhete para o espet\u00e1culo de Flamenco em Sevilha num tablao tradicional. Viva a paix\u00e3o da dan\u00e7a e da m\u00fasica andaluza.\" \/>\n<meta property=\"og:url\" content=\"https:\/\/flamenco-seville.com\/pt-pt\/espetaculo-de-flamenco-em-sevilha\/\" \/>\n<meta property=\"og:site_name\" content=\"Online ticketing service provider\" \/>\n<meta property=\"article:modified_time\" content=\"2026-03-25T18:55:22+00:00\" \/>\n<meta property=\"og:image\" content=\"https:\/\/flamenco-seville.com\/wp-content\/uploads\/2026\/03\/flamenco-seville-030.jpg\" \/>\n\t<meta property=\"og:image:width\" content=\"1976\" \/>\n\t<meta property=\"og:image:height\" content=\"1207\" \/>\n\t<meta property=\"og:image:type\" content=\"image\/jpeg\" \/>\n<meta name=\"twitter:card\" content=\"summary_large_image\" \/>\n<script type=\"application\/ld+json\" class=\"yoast-schema-graph\">{\"@context\":\"https:\\\/\\\/schema.org\",\"@graph\":[{\"@type\":\"WebPage\",\"@id\":\"https:\\\/\\\/flamenco-seville.com\\\/pt-pt\\\/espetaculo-de-flamenco-em-sevilha\\\/\",\"url\":\"https:\\\/\\\/flamenco-seville.com\\\/pt-pt\\\/espetaculo-de-flamenco-em-sevilha\\\/\",\"name\":\"Espet\u00e1culo de Flamenco em Sevilha | Bilhete Espet\u00e1culo + Bebida\",\"isPartOf\":{\"@id\":\"https:\\\/\\\/flamenco-seville.com\\\/#website\"},\"primaryImageOfPage\":{\"@id\":\"https:\\\/\\\/flamenco-seville.com\\\/pt-pt\\\/espetaculo-de-flamenco-em-sevilha\\\/#primaryimage\"},\"image\":{\"@id\":\"https:\\\/\\\/flamenco-seville.com\\\/pt-pt\\\/espetaculo-de-flamenco-em-sevilha\\\/#primaryimage\"},\"thumbnailUrl\":\"https:\\\/\\\/flamenco-seville.com\\\/wp-content\\\/uploads\\\/2026\\\/03\\\/flamenco-seville-030.jpg\",\"datePublished\":\"2019-11-17T16:09:56+00:00\",\"dateModified\":\"2026-03-25T18:55:22+00:00\",\"description\":\"Reserve o seu bilhete para o espet\u00e1culo de Flamenco em Sevilha num tablao tradicional. Viva a paix\u00e3o da dan\u00e7a e da m\u00fasica andaluza.\",\"breadcrumb\":{\"@id\":\"https:\\\/\\\/flamenco-seville.com\\\/pt-pt\\\/espetaculo-de-flamenco-em-sevilha\\\/#breadcrumb\"},\"inLanguage\":\"pt-PT\",\"potentialAction\":[{\"@type\":\"ReadAction\",\"target\":[\"https:\\\/\\\/flamenco-seville.com\\\/pt-pt\\\/espetaculo-de-flamenco-em-sevilha\\\/\"]}]},{\"@type\":\"ImageObject\",\"inLanguage\":\"pt-PT\",\"@id\":\"https:\\\/\\\/flamenco-seville.com\\\/pt-pt\\\/espetaculo-de-flamenco-em-sevilha\\\/#primaryimage\",\"url\":\"https:\\\/\\\/flamenco-seville.com\\\/wp-content\\\/uploads\\\/2026\\\/03\\\/flamenco-seville-030.jpg\",\"contentUrl\":\"https:\\\/\\\/flamenco-seville.com\\\/wp-content\\\/uploads\\\/2026\\\/03\\\/flamenco-seville-030.jpg\",\"width\":1976,\"height\":1207,\"caption\":\"Espet\u00e1culo de Flamenco em Sevilha\"},{\"@type\":\"BreadcrumbList\",\"@id\":\"https:\\\/\\\/flamenco-seville.com\\\/pt-pt\\\/espetaculo-de-flamenco-em-sevilha\\\/#breadcrumb\",\"itemListElement\":[{\"@type\":\"ListItem\",\"position\":1,\"name\":\"Accueil\",\"item\":\"https:\\\/\\\/flamenco-seville.com\\\/pt-pt\\\/espetaculo-de-flamenco-em-sevilha\\\/\"},{\"@type\":\"ListItem\",\"position\":2,\"name\":\"Espet\u00e1culo de Flamenco em Sevilha\"}]},{\"@type\":\"WebSite\",\"@id\":\"https:\\\/\\\/flamenco-seville.com\\\/#website\",\"url\":\"https:\\\/\\\/flamenco-seville.com\\\/\",\"name\":\"Online ticketing service provider\",\"description\":\"Descubra el espect\u00e1culo flamenco Sevilla en Las Setas.\",\"potentialAction\":[{\"@type\":\"SearchAction\",\"target\":{\"@type\":\"EntryPoint\",\"urlTemplate\":\"https:\\\/\\\/flamenco-seville.com\\\/?s={search_term_string}\"},\"query-input\":{\"@type\":\"PropertyValueSpecification\",\"valueRequired\":true,\"valueName\":\"search_term_string\"}}],\"inLanguage\":\"pt-PT\"}]}<\/script>\n<!-- \/ Yoast SEO plugin. -->","yoast_head_json":{"title":"Espet\u00e1culo de Flamenco em Sevilha | Bilhete Espet\u00e1culo + Bebida","description":"Reserve o seu bilhete para o espet\u00e1culo de Flamenco em Sevilha num tablao tradicional. Viva a paix\u00e3o da dan\u00e7a e da m\u00fasica andaluza.","robots":{"index":"index","follow":"follow","max-snippet":"max-snippet:-1","max-image-preview":"max-image-preview:large","max-video-preview":"max-video-preview:-1"},"canonical":"https:\/\/flamenco-seville.com\/pt-pt\/espetaculo-de-flamenco-em-sevilha\/","og_locale":"pt_PT","og_type":"article","og_title":"Espet\u00e1culo de Flamenco em Sevilha | Bilhete Espet\u00e1culo + Bebida","og_description":"Reserve o seu bilhete para o espet\u00e1culo de Flamenco em Sevilha num tablao tradicional. Viva a paix\u00e3o da dan\u00e7a e da m\u00fasica andaluza.","og_url":"https:\/\/flamenco-seville.com\/pt-pt\/espetaculo-de-flamenco-em-sevilha\/","og_site_name":"Online ticketing service provider","article_modified_time":"2026-03-25T18:55:22+00:00","og_image":[{"width":1976,"height":1207,"url":"https:\/\/flamenco-seville.com\/wp-content\/uploads\/2026\/03\/flamenco-seville-030.jpg","type":"image\/jpeg"}],"twitter_card":"summary_large_image","schema":{"@context":"https:\/\/schema.org","@graph":[{"@type":"WebPage","@id":"https:\/\/flamenco-seville.com\/pt-pt\/espetaculo-de-flamenco-em-sevilha\/","url":"https:\/\/flamenco-seville.com\/pt-pt\/espetaculo-de-flamenco-em-sevilha\/","name":"Espet\u00e1culo de Flamenco em Sevilha | Bilhete Espet\u00e1culo + Bebida","isPartOf":{"@id":"https:\/\/flamenco-seville.com\/#website"},"primaryImageOfPage":{"@id":"https:\/\/flamenco-seville.com\/pt-pt\/espetaculo-de-flamenco-em-sevilha\/#primaryimage"},"image":{"@id":"https:\/\/flamenco-seville.com\/pt-pt\/espetaculo-de-flamenco-em-sevilha\/#primaryimage"},"thumbnailUrl":"https:\/\/flamenco-seville.com\/wp-content\/uploads\/2026\/03\/flamenco-seville-030.jpg","datePublished":"2019-11-17T16:09:56+00:00","dateModified":"2026-03-25T18:55:22+00:00","description":"Reserve o seu bilhete para o espet\u00e1culo de Flamenco em Sevilha num tablao tradicional. Viva a paix\u00e3o da dan\u00e7a e da m\u00fasica andaluza.","breadcrumb":{"@id":"https:\/\/flamenco-seville.com\/pt-pt\/espetaculo-de-flamenco-em-sevilha\/#breadcrumb"},"inLanguage":"pt-PT","potentialAction":[{"@type":"ReadAction","target":["https:\/\/flamenco-seville.com\/pt-pt\/espetaculo-de-flamenco-em-sevilha\/"]}]},{"@type":"ImageObject","inLanguage":"pt-PT","@id":"https:\/\/flamenco-seville.com\/pt-pt\/espetaculo-de-flamenco-em-sevilha\/#primaryimage","url":"https:\/\/flamenco-seville.com\/wp-content\/uploads\/2026\/03\/flamenco-seville-030.jpg","contentUrl":"https:\/\/flamenco-seville.com\/wp-content\/uploads\/2026\/03\/flamenco-seville-030.jpg","width":1976,"height":1207,"caption":"Espet\u00e1culo de Flamenco em Sevilha"},{"@type":"BreadcrumbList","@id":"https:\/\/flamenco-seville.com\/pt-pt\/espetaculo-de-flamenco-em-sevilha\/#breadcrumb","itemListElement":[{"@type":"ListItem","position":1,"name":"Accueil","item":"https:\/\/flamenco-seville.com\/pt-pt\/espetaculo-de-flamenco-em-sevilha\/"},{"@type":"ListItem","position":2,"name":"Espet\u00e1culo de Flamenco em Sevilha"}]},{"@type":"WebSite","@id":"https:\/\/flamenco-seville.com\/#website","url":"https:\/\/flamenco-seville.com\/","name":"Online ticketing service provider","description":"Descubra el espect\u00e1culo flamenco Sevilla en Las Setas.","potentialAction":[{"@type":"SearchAction","target":{"@type":"EntryPoint","urlTemplate":"https:\/\/flamenco-seville.com\/?s={search_term_string}"},"query-input":{"@type":"PropertyValueSpecification","valueRequired":true,"valueName":"search_term_string"}}],"inLanguage":"pt-PT"}]}},"_links":{"self":[{"href":"https:\/\/flamenco-seville.com\/pt-pt\/wp-json\/wp\/v2\/pages\/6737","targetHints":{"allow":["GET"]}}],"collection":[{"href":"https:\/\/flamenco-seville.com\/pt-pt\/wp-json\/wp\/v2\/pages"}],"about":[{"href":"https:\/\/flamenco-seville.com\/pt-pt\/wp-json\/wp\/v2\/types\/page"}],"author":[{"embeddable":true,"href":"https:\/\/flamenco-seville.com\/pt-pt\/wp-json\/wp\/v2\/users\/3"}],"replies":[{"embeddable":true,"href":"https:\/\/flamenco-seville.com\/pt-pt\/wp-json\/wp\/v2\/comments?post=6737"}],"version-history":[{"count":9,"href":"https:\/\/flamenco-seville.com\/pt-pt\/wp-json\/wp\/v2\/pages\/6737\/revisions"}],"predecessor-version":[{"id":6788,"href":"https:\/\/flamenco-seville.com\/pt-pt\/wp-json\/wp\/v2\/pages\/6737\/revisions\/6788"}],"wp:featuredmedia":[{"embeddable":true,"href":"https:\/\/flamenco-seville.com\/pt-pt\/wp-json\/wp\/v2\/media\/6577"}],"wp:attachment":[{"href":"https:\/\/flamenco-seville.com\/pt-pt\/wp-json\/wp\/v2\/media?parent=6737"}],"curies":[{"name":"wp","href":"https:\/\/api.w.org\/{rel}","templated":true}]}}

Espetáculo de Flamenco em Sevilha

<!-- This site is optimized with the Yoast SEO plugin v27.5 - https://yoast.com/product/yoast-seo-wordpress/ -->
<title>Espetáculo de Flamenco em Sevilha | Bilhete Espetáculo + Bebida</title>
<meta name="description" content="Reserve o seu bilhete para o espetáculo de Flamenco em Sevilha num tablao tradicional. Viva a paixão da dança e da música andaluza." />
<meta name="robots" content="index, follow, max-snippet:-1, max-image-preview:large, max-video-preview:-1" />
<link rel="canonical" href="https://flamenco-seville.com/pt-pt/espetaculo-de-flamenco-em-sevilha/" />
<meta property="og:locale" content="pt_PT" />
<meta property="og:type" content="article" />
<meta property="og:title" content="Espetáculo de Flamenco em Sevilha | Bilhete Espetáculo + Bebida" />
<meta property="og:description" content="Reserve o seu bilhete para o espetáculo de Flamenco em Sevilha num tablao tradicional. Viva a paixão da dança e da música andaluza." />
<meta property="og:url" content="https://flamenco-seville.com/pt-pt/espetaculo-de-flamenco-em-sevilha/" />
<meta property="og:site_name" content="Online ticketing service provider" />
<meta property="article:modified_time" content="2026-03-25T18:55:22+00:00" />
<meta property="og:image" content="https://flamenco-seville.com/wp-content/uploads/2026/03/flamenco-seville-030.jpg" />
	<meta property="og:image:width" content="1976" />
	<meta property="og:image:height" content="1207" />
	<meta property="og:image:type" content="image/jpeg" />
<meta name="twitter:card" content="summary_large_image" />
<script type="application/ld+json" class="yoast-schema-graph">{"@context":"https:\/\/schema.org","@graph":[{"@type":"WebPage","@id":"https:\/\/flamenco-seville.com\/pt-pt\/espetaculo-de-flamenco-em-sevilha\/","url":"https:\/\/flamenco-seville.com\/pt-pt\/espetaculo-de-flamenco-em-sevilha\/","name":"Espetáculo de Flamenco em Sevilha | Bilhete Espetáculo + Bebida","isPartOf":{"@id":"https:\/\/flamenco-seville.com\/#website"},"primaryImageOfPage":{"@id":"https:\/\/flamenco-seville.com\/pt-pt\/espetaculo-de-flamenco-em-sevilha\/#primaryimage"},"image":{"@id":"https:\/\/flamenco-seville.com\/pt-pt\/espetaculo-de-flamenco-em-sevilha\/#primaryimage"},"thumbnailUrl":"https:\/\/flamenco-seville.com\/wp-content\/uploads\/2026\/03\/flamenco-seville-030.jpg","datePublished":"2019-11-17T16:09:56+00:00","dateModified":"2026-03-25T18:55:22+00:00","description":"Reserve o seu bilhete para o espetáculo de Flamenco em Sevilha num tablao tradicional. Viva a paixão da dança e da música andaluza.","breadcrumb":{"@id":"https:\/\/flamenco-seville.com\/pt-pt\/espetaculo-de-flamenco-em-sevilha\/#breadcrumb"},"inLanguage":"pt-PT","potentialAction":[{"@type":"ReadAction","target":["https:\/\/flamenco-seville.com\/pt-pt\/espetaculo-de-flamenco-em-sevilha\/"]}]},{"@type":"ImageObject","inLanguage":"pt-PT","@id":"https:\/\/flamenco-seville.com\/pt-pt\/espetaculo-de-flamenco-em-sevilha\/#primaryimage","url":"https:\/\/flamenco-seville.com\/wp-content\/uploads\/2026\/03\/flamenco-seville-030.jpg","contentUrl":"https:\/\/flamenco-seville.com\/wp-content\/uploads\/2026\/03\/flamenco-seville-030.jpg","width":1976,"height":1207,"caption":"Espetáculo de Flamenco em Sevilha"},{"@type":"BreadcrumbList","@id":"https:\/\/flamenco-seville.com\/pt-pt\/espetaculo-de-flamenco-em-sevilha\/#breadcrumb","itemListElement":[{"@type":"ListItem","position":1,"name":"Accueil","item":"https:\/\/flamenco-seville.com\/pt-pt\/espetaculo-de-flamenco-em-sevilha\/"},{"@type":"ListItem","position":2,"name":"Espetáculo de Flamenco em Sevilha"}]},{"@type":"WebSite","@id":"https:\/\/flamenco-seville.com\/#website","url":"https:\/\/flamenco-seville.com\/","name":"Online ticketing service provider","description":"Descubra el espectáculo flamenco Sevilla en Las Setas.","potentialAction":[{"@type":"SearchAction","target":{"@type":"EntryPoint","urlTemplate":"https:\/\/flamenco-seville.com\/?s={search_term_string}"},"query-input":{"@type":"PropertyValueSpecification","valueRequired":true,"valueName":"search_term_string"}}],"inLanguage":"pt-PT"}]}</script>
<!-- / Yoast SEO plugin. -->

Espetáculo de Flamenco em Sevilha | Bilhete Espetáculo + Bebida

Reserve o seu bilhete para o espetáculo de Flamenco em Sevilha num tablao tradicional. Viva a paixão da dança e da música andaluza.

Descubra el espectáculo flamenco Sevilla en Las Setas.
